.
2, 5, 11
Let z be ((-1528)/6)/((-106)/(-12) + -9). Suppose 0 = -4*c + z - 260. What are the prime factors of c?
317
Suppose 0 = 8*t - 21 - 67. Suppose 0 = 7*j + 17 + t. List the prime factors of (-2)/j + (-123)/(-2).
2, 31
Let n(b) = 29*b + 62. Let w be n(20). Suppose -2*z - 4*d + w = 0, -6 = d + d. What are the prime factors of z?
3, 109
Let y = 404 - 248. Suppose 3*o - 2*o = y. Let r = -90 + o. List the prime factors of r.
2, 3, 11
Let d(f) = -343*f + 2285. What are the prime factors of d(-34)?
3, 4649
Suppose 14*x - 38*x - 1174 = -60838. List the prime factors of x.
2, 11, 113
Let i(x) be the first derivative of x**5/15 + 5*x**4/24 + 9*x**3/2 - 29*x**2/2 - 19. Let n(y) be the second derivative of i(y). List the prime factors of n(-5).
2, 3, 17
Let v = -57 + 57. Suppose v = -a + 7 - 10. What are the prime factors of (6*-68)/a - -3?
139
Let l(b) = -3*b**2 + 29*b - 32. Let x(d) = -8*d**2 + 56*d - 66. Let n(o) = -5*l(o) + 2*x(o). Let y be (-16)/12*(-39)/(-2). What are the prime factors of n(y)?
2, 3, 5, 7
Let y(h) = 840 + 12*h + 20*h - 771. List the prime factors of y(6).
3, 29
Let n(a) = 2*a**2 + 6*a + 29. Let w be n(-8). Suppose 13*l = -18 + w. Let i(h) = 28*h + 45. List the prime factors of i(l).
241
Let r(o) be the first derivative of o**4/4 - 10*o**3 + 13*o**2/2 - 116*o - 135. What are the prime factors of r(31)?
2, 3, 13
Let v = -91 + 102. Let c = v + -6. Suppose -3*h + c*i + 252 = 8*i, 5*h = 2*i + 434. List the prime factors of h.
2, 43
Let r = 7622 + -5404. Suppose 3666 - 339 = 3*h - 4*o, 0 = 2*h + 5*o - r. Suppose -9*a + 628 = -h. List the prime factors of a.
193
Let g = 11898 + -3653. List the prime factors of g.
5, 17, 97
Let b = -222 - -225. Suppose b*m - 1434 = -276. What are the prime factors of m?
2, 193
Suppose -3*a = -7 - 2. What are the prime factors of (15 - 11) + (-1)/(a/(-297))?
103
Suppose -4 = -5*y + q, 0 = 3*y + q + q + 8. List the prime factors of ((-1)/(1 - y))/(10/(-2360)).
2, 59
Let k = 96 - 88. Suppose 4*q - 4 + 0 = 0, k = 4*z - 4*q. List the prime factors of 11*3/z*2*8.
2, 11
Suppose 17 + 25 = -7*o. Let q(t) = 3*t**2 + 20*t + 15. Let g be q(o). Suppose 4*f - 257 = -g*r + 101, 3*r - 3*f = 393. List the prime factors of r.
2, 3, 7
Let g(o) = -o**2 - o + 383. Let t be g(0). Let z = -108 - -119. Suppose -1410 - t = -z*q. What are the prime factors of q?
163
Let m(g) = 5*g**3 + 2*g**2 - 2*g + 1. Let z be m(1). Let a(r) be the first derivative of 37*r**2/2 + 26*r - 1724. List the prime factors of a(z).
2, 31
Suppose 0 = 25*b + 134 - 34. List the prime factors of (42144/(-28))/b + 2/(-7).
2, 47
Let o = -55505 + 97668. What are the prime factors of o?
11, 3833
Suppose -1332 = -3*s - c - 3*c, -2*s + 3*c + 871 = 0. Let l = -211 + s. What are the prime factors of l?
229
Let t(v) = 5*v**2 + 48*v + 476. What are the prime factors of t(-18)?
2, 7, 11
Let t = 467 - 455. Suppose 0 = t*l + 7 - 367. List the prime factors of l.
2, 3, 5
Let o(c) = 3*c**3 + c**2 - 18*c - 25. What are the prime factors of o(12)?
5087
Suppose 277023 + 68961 = 48*o. What are the prime factors of o?
2, 17, 53
Let o = 27387 + -12343. Suppose -17*s = -o + 1801. List the prime factors of s.
19, 41
Suppose -w + 189 - 150 = 0. Suppose -3*j = -0*t - 2*t - w, -61 = 3*t - 2*j. What are the prime factors of 1/((-14)/(-2304)) - 9/t?
3, 5, 11
Let k(g) = -4*g**2 - 14*g. Let b be k(-4). List the prime factors of 150 - (-8)/(b/(-3)).
3, 17
Let h(t) be the third derivative of 3*t**5/20 + t**4/6 + t**3/3 - 6*t**2. Let m be h(-4). What are the prime factors of (-7)/14 - m/(-4)?
2
Let s(h) = -4*h**3 + h**2. Let p(u) = 7*u**3 - u**2. Let y(t) = -3*t**2 + 17*t - 7. Let o be y(5). Let f(r) = o*p(r) + 5*s(r). List the prime factors of f(2).
2
Let l be -1 + 81/3 + 0. Suppose o = -3*h + l, 5*h + 0*o - 32 = 4*o. Suppose -h*s = -3*s - 155. What are the prime factors of s?
31
Let v = 6138 + -3305. Suppose 858 = -5*a + v. List the prime factors of a.
5, 79
Let o(n) = 67*n**2 + 164*n + 2027. What are the prime factors of o(-14)?
19, 677
Suppose 2*x = 40 + 8. Suppose -x = -11*g - 2. Suppose 0 = h - g*v - 203 - 10, -852 = -4*h + v. What are the prime factors of h?
3, 71
Suppose 4*r + 4*r - 40 = 0. Let f(a) = 6*a**3 + 12*a**2 - 9*a + 19. What are the prime factors of f(r)?
2
Suppose -8*n - 175 = -943. Suppose -19*j + 15*j - n = 0. Let o = j + 65. List the prime factors of o.
41
Let i be (1 - (-1647)/45)/(2/(-10)). Let d = i + 351. List the prime factors of d.
163
Let c(a) = 821*a - 4492. List the prime factors of c(7).
5, 251
Suppose 32 = z + 3*o, 0*o - 124 = -5*z - 3*o. Suppose 2136 = z*c - 21*c. List the prime factors of c.
2, 3, 89
Let t(g) = -g**3 + 17*g**2 + 19*g - 13. Let w be t(18). Let l be 3/(12/(-4))*w. What are the prime factors of (5 + 0)*((-396)/(-20) - l)?
2, 31
Let o(t) = -15*t + 23. Suppose 3*j = 7*j - 3*q + 37, -2*q + 34 = -4*j. Let h be o(j). Suppose 359 - h = 3*m. List the prime factors of m.
7, 11
Let m = 1027 + -296. Suppose 5*i = 6*i - m. List the prime factors of i.
17, 43
Let f(t) = -77*t - 7. Let l be f(1). Let r be 63/6*432/l. Let o = 2 - r. List the prime factors of o.
2, 7
Let k = -10732 - -16396. What are the prime factors of k?
2, 3, 59
Suppose s = -2*k - 11, 2*k + 5*s = 5*k + 10. Let o(f) = -22*f + 97. List the prime factors of o(k).
3, 23
Let z(j) = 3 - 10 - 6 - 9 + 10*j. List the prime factors of z(11).
2, 11
Suppose 69*v + 336 = 73*v. Let t be 3*-4*(-46)/6. Suppose -y + 3*m = -t, y = 2*y + m - v. What are the prime factors of y?
2, 43
Let z(l) = 30*l + 1. Let f be z(2). Let i be -2 - (-6)/9*930/(-20). Let d = i + f. List the prime factors of d.
2, 7
Suppose 3*a = -4*s + 15102, -556 = 3*s - 565. List the prime factors of a.
2, 5, 503
Suppose b = -4*n + 76767, -28*b + 38394 = 2*n - 26*b. What are the prime factors of n?
2, 5, 19, 101
Suppose -44*u + 9108 = -35*u. Suppose -14*b - u = -15768. List the prime factors of b.
2, 17, 31
Let v be 13/52 + (-7)/(-4). Suppose 4*g + 10 = v. List the prime factors of (-36)/g*(-140)/(-15).
2, 3, 7
Let m be (3 - 6) + (-30)/(-6). Suppose -2 = m*n + 4*d, -13 = n - 0*d - d. What are the prime factors of 1/(3/n)*-31?
3, 31
List the prime factors of 17/((-85)/70) - -23987.
3, 61, 131
Suppose 417 = -3*a - 4*q, -a - 718 = 4*a - q. Let y = 171 - a. List the prime factors of y.
2, 157
Let d = 40 - 15. Suppose d*u - 208 = 492. List the prime factors of u.
2, 7
Let n = -49 - -51. Suppose -n*c + 36 = 232. Let u = 0 - c. What are the prime factors of u?
2, 7
Let g(h) = -h**2 - 24*h - 6. Suppose -8*t + 70 = -3*t. Let y = -20 + t. List the prime factors of g(y).
2, 3, 17
Let o(u) = u**2 - 20*u + 9. Suppose -3*j = -6*j + 60. Let i be o(j). What are the prime factors of (-3 - 0)*(-357)/i?
7, 17
Suppose -43*h + 11556 = -82*h + 41*h. What are the prime factors of h?
2, 3, 107
Suppose 3*n = -10*j + 12*j + 2976, 5*n + 3*j - 4960 = 0. Suppose n*r - 585 = 991*r. List the prime factors of r.
3, 5, 13
Suppose 0*t + f = 3*t - 2747, 3*f + 1822 = 2*t. Let k = 184 - 184. Suppose 9*x - t + 323 = k. List the prime factors of x.
2, 3, 11
Let j(t) = t**3 - 3*t**2 - 4*t - 28. Let c be j(5). Suppose c*i - 253 - 611 = 0. What are the prime factors of i?
2, 3
Let z(w) = 2*w**2 - 21*w - 58. Let c be z(-11). Suppose l - 74 = -2*k, 0 = -4*l + 3*k - 119 + c. List the prime factors of l.
2, 37
Suppose -r - 2*r = 4*k - 86, -3*r - 74 = -4*k. Suppose -k*i = -37*i + 11798. List the prime factors of i.
2, 347
Let u be 9860/15*-9*20/(-15). Suppose 0 = -3*z + 5*i - 0*i + 5916, 4*z = 4*i + u. What are the prime factors of z?
2, 17, 29
Let l(m) = -162*m - 166. What are the prime factors of l(-4)?
2, 241
Suppose -51*l + 42690 = -45*l. Suppose 32*q - 37*q + l = 5*o, 2*q = -5*o + 2831. What are the prime factors of q?
2, 3, 7, 17
Let z(q) = -q**2 - 4*q + 220. Let w be z(0). Let o = w - 82. Suppose p = 5, -102 - o = -4*t - 4*p. List the prime factors of t.
5, 11
Suppose 5*b - 5*u = 275, 5*u = 6*u + 3. Let a(z) = z**3 - 4*z**2 + 6*z - 6. Let d be a(3). Suppose -b = -d*q + 80. What are the prime factors of q?
2, 11
Let i be (-22876)/(-42) + 1/3. Let b = i - 295. List the prime factors of b.
2, 5
Suppose 5*p - p - 23883 = -53*p. List the prime factors of p.
419
Let n = -173 + 176. Suppose 2*s + n*s = -3*i + 4693, 3*s = -5*i + 7795. What are the prime factors of i?
2, 389